
7, 12881839
List the prime factors of 24198222.
2, 3, 37, 109001
List the prime factors of 272686420.
2, 5, 29, 470149
What are the prime factors of 928086872?
2, 173, 670583
What are the prime factors of 15738342?
2, 3, 41, 63977
What are the prime factors of 1979899351?
19, 31, 3361459
List the prime factors of 102118090.
2, 5, 10211809
List the prime factors of 2014943367.
3, 389, 1726601
What are the prime factors of 588672367?
139, 277, 15289
List the prime factors of 105743140.
2, 5, 71, 113, 659
List the prime factors of 1485089771.
11, 135008161
List the prime factors of 18625046.
2, 11, 76963
What are the prime factors of 224604493?
17, 47, 5981
What are the prime factors of 88525544?
2, 11065693
What are the prime factors of 346297564?
2, 6329, 13679
What are the prime factors of 296526035?
5, 13, 59, 167, 463
List the prime factors of 453128476.
2, 131, 179, 4831
What are the prime factors of 3230404841?
10477, 308333
List the prime factors of 44548956.
2, 3, 1237471
List the prime factors of 4396862229.
3, 23, 63722641
What are the prime factors of 1845222740?
2, 5, 271, 340447
What are the prime factors of 176189555?
5, 35237911
What are the prime factors of 633113466?
2, 3, 523, 201757
List the prime factors of 2205080659.
17, 271, 478637
List the prime factors of 95910502.
2, 47955251
List the prime factors of 151185810.
2, 3, 5, 5039527
What are the prime factors of 68612206?
2, 13, 2638931
What are the prime factors of 7052002730?
2, 5, 17, 59, 499, 1409
List the prime factors of 4716901936.
2, 294806371
What are the prime factors of 16360411?
53, 467, 661
What are the prime factors of 568353807?
3, 7, 419, 7177
What are the prime factors of 76386917?
79, 966923
What are the prime factors of 38251386?
2, 3, 708359
List the prime factors of 113781890.
2, 5, 11378189
List the prime factors of 759709728.
2, 3, 1447, 1823
List the prime factors of 74837566.
2, 101, 370483
What are the prime factors of 423185093?
223, 1897691
List the prime factors of 2482358629.
3271, 758899
What are the prime factors of 594029805?
3, 5, 39601987
List the prime factors of 1268175649.
13, 97551973
List the prime factors of 59855474.
2, 7, 73, 58567
List the prime factors of 50761721.
83, 611587
What are the prime factors of 4870965?
3, 5, 11, 53, 557
List the prime factors of 44926632.
2, 3, 587, 1063
List the prime factors of 8994956999.
7, 29, 6330019
What are the prime factors of 6323332440?
2, 3, 5, 52694437
List the prime factors of 192419311.
7, 17, 23, 229, 307
List the prime factors of 204819010.
2, 5, 11, 1861991
List the prime factors of 9571626.
2, 3, 283, 1879
List the prime factors of 608168386.
2, 7, 79, 577, 953
List the prime factors of 129021105.
3, 5, 2287, 3761
List the prime factors of 975710165.
5, 37, 5274109
List the prime factors of 18955954.
2, 599, 15823
List the prime factors of 1944565771.
1944565771
List the prime factors of 610832092.
2, 13, 199, 59029
What are the prime factors of 37202860?
2, 5, 1860143
What are the prime factors of 2395215778?
2, 1197607889
What are the prime factors of 58275765?
3, 5, 1091, 1187
List the prime factors of 1148672493.
3, 19, 6717383
List the prime factors of 62140067.
11, 89, 63473
What are the prime factors of 118554902?
2, 1051, 56401
What are the prime factors of 310763987?
677, 459031
List the prime factors of 172960509.
3, 41, 859, 1637
What are the prime factors of 3961321134?
2, 3, 19, 34748431
What are the prime factors of 405303337?
43, 61, 191, 809
What are the prime factors of 94230690?
2, 3, 5, 19, 165317
List the prime factors of 251154357.
3, 43, 1946933
List the prime factors of 101735133.
3, 33911711
List the prime factors of 93822092.
2, 7, 13, 113, 2281
What are the prime factors of 437296276?
2, 3119, 35051
List the prime factors of 164108031.
3, 54702677
What are the prime factors of 360514896?
2, 3, 7, 1072961
List the prime factors of 316798243.
43, 7367401
List the prime factors of 178968933.
3, 11, 13, 15451
What are the prime factors of 90101297?
11, 13, 43, 14653
List the prime factors of 278142557.
7, 11, 3612241
What are the prime factors of 32756389?
229, 313, 457
List the prime factors of 1294682996.
2, 439, 737291
What are the prime factors of 542634860?
2, 5, 23, 1179641
What are the prime factors of 81997864?
2, 13, 509, 1549
What are the prime factors of 161169569?
11, 601, 24379
What are the prime factors of 36400186?
2, 181, 193, 521
What are the prime factors of 86031679?
17, 5060687
List the prime factors of 4288484603.
13, 31, 229, 1499
List the prime factors of 1953312009.
3, 11, 59191273
What are the prime factors of 114461783?
114461783
List the prime factors of 100172905.
5, 7, 408869
List the prime factors of 14785483.
491, 30113
What are the prime factors of 320372401?
41, 593, 13177
What are the prime factors of 752236821?
3, 7, 3980089
List the prime factors of 58063591.
2417, 24023
List the prime factors of 143148406.
2, 701, 102103
List the prime factors of 159684790.
2, 5, 149, 107171
List the prime factors of 97889228.
2, 24472307
What are the prime factors of 164334248?
2, 13, 197, 617
List the prime factors of 134609756.
2, 19, 331, 5351
List the prime factors of 56747928.
2, 3, 67, 35291
What are the prime factors of 716863629?
3, 59, 4050077
List the prime factors of 5114463171.
3, 29, 58786933
List the prime factors of 134255450.
2, 5, 7, 383587
List the prime factors of 533706355.
5, 7, 13, 1172981
List the prime factors of 46627286.
2, 31, 752053
What are the prime factors of 697309635?
3, 5, 11, 211, 20029
What are the prime factors of 4735153275?
3, 5, 367, 172031
List the prime factors of 33108176.
2, 2069261
What are the prime factors of 3503115821?
229, 1009, 15161
List the prime factors of 558538826.
2, 823, 339331
List the prime factors of 105224185.
5, 11, 19, 100693
What are the prime factors of 71678746?
2, 59, 131, 4637
What are the prime factors of 2432138804?
2, 1493, 407257
List the prime factors of 143114005.
5, 3823, 7487
List the prime factors of 96914929.
71, 107, 12757
What are the prime factors of 542909?
29, 97, 193
List the prime factors of 3441430005.
3, 5, 13, 19, 47, 19763
What are the prime factors of 2696749282?
2, 3169, 425489
List the prime factors of 26511241.
431, 61511
What are the prime factors of 396530745?
3, 5, 13, 137, 14843
List the prime factors of 322096279.
389, 828011
What are the prime factors of 72032941?
23, 41, 76387
What are the prime factors of 7418007?
3, 41, 6701
List the prime factors of 49727879.
5573, 8923
What are the prime factors of 44655592?
2, 29, 71, 2711
List the prime factors of 1288838858.
2, 139, 4636111
List the prime factors of 305959562.
2, 152979781
List the prime factors of 2711374816.
2, 127, 709, 941
List the prime factors of 206159636.
2, 51539909
What are the prime factors of 70351983?
3, 13, 71, 941
What are the prime factors of 51262141?
7, 7323163
List the prime factors of 2513939809.
3823, 657583
What are the prime factors of 3850406489?
1933, 1991933
List the prime factors of 24072319.
47, 239, 2143
What are the prime factors of 3191087025?
3, 5, 7, 241, 1201
List the prime factors of 1210813237.
823, 1471219
What are the prime factors of 471757326?
2, 3, 29, 37, 73277
List the prime factors of 1388490330.
2, 3, 5, 46283011
What are the prime factors of 1181330344?
2, 3347, 44119
What are the prime factors of 101086647?
3, 59, 571111
List the prime factors of 69961553.
19, 3682187
List the prime factors of 65919733.
11, 31, 79, 2447
What are the prime factors of 132745897?
257, 516521
List the prime factors of 27855299.
17, 1638547
What are the prime factors of 249501352?
2, 31187669
List the prime factors of 313405965.
3, 5, 17, 229, 1789
What are the prime factors of 58721848?
2, 7340231
What are the prime factors of 140909592?
2, 3, 23, 397, 643
What are the prime factors of 7327218?
2, 3, 197, 6199
List the prime factors of 5091543595.
5, 89, 131, 167, 523
List the prime factors of 165820123.
7, 1093, 21673
List the prime factors of 96999959.
7, 19, 43, 2423
List the prime factors of 559254523.
559254523
List the prime factors of 275701898.
2, 29, 701, 6781
What are the prime factors of 84441583?
769, 109807
What are the prime factors of 342